 34?
32
Calculate the remainder when 1046 is divided by 42.
38
Calculate the remainder when 74 is divided by 5.
4
Calculate the remainder when 484 is divided by 323.
161
Calculate the remainder when 180 is divided by 53.
21
Calculate the remainder when 285 is divided by 13.
12
Calculate the remainder when 1782 is divided by 3.
0
Calculate the remainder when 471 is divided by 68.
63
What is the remainder when 806 is divided by 255?
41
What is the remainder when 376 is divided by 19?
15
Calculate the remainder when 52 is divided by 11.
8
Calculate the remainder when 1419 is divided by 20.
19
Calculate the remainder when 850 is divided by 848.
2
Calculate the remainder when 498 is divided by 495.
3
What is the remainder when 76 is divided by 7?
6
What is the remainder when 658 is divided by 340?
318
What is the remainder when 621 is divided by 305?
11
Calculate the remainder when 766 is divided by 12.
10
Calculate the remainder when 258 is divided by 31.
10
What is the remainder when 882 is divided by 89?
81
Calculate the remainder when 995 is divided by 71.
1
Calculate the remainder when 688 is divided by 237.
214
Calculate the remainder when 334 is divided by 288.
46
Calculate the remainder when 2065 is divided by 148.
141
Calculate the remainder when 28467 is divided by 30.
27
What is the remainder when 27 is divided by 7?
6
What is the remainder when 426 is divided by 11?
8
What is the remainder when 29 is divided by 8?
5
What is the remainder when 3401 is divided by 155?
146
Calculate the remainder when 1010 is divided by 494.
22
Calculate the remainder when 183 is divided by 103.
80
What is the remainder when 452 is divided by 21?
11
Calculate the remainder when 285 is divided by 48.
45
What is the remainder when 5794 is divided by 9?
7
What is the remainder when 280 is divided by 26?
20
Calculate the remainder when 830 is divided by 76.
70
What is the remainder when 969 is divided by 6?
3
Calculate the remainder when 449 is divided by 11.
9
What is the remainder when 518 is divided by 89?
73
What is the remainder when 208 is divided by 10?
8
What is the remainder when 478 is divided by 68?
2
What is the remainder when 1612 is divided by 7?
2
What is the remainder when 339 is divided by 22?
9
Calculate the remainder when 214 is divided by 47.
26
What is the remainder when 155 is divided by 97?
58
What is the remainder when 41 is divided by 13?
2
Calculate the remainder when 1420 is divided by 79.
77
What is the remainder when 32 is divided by 21?
11
Calculate the remainder when 2660 is divided by 11.
9
What is the remainder when 10204 is divided by 16?
12
What is the remainder when 1167 is divided by 51?
45
What is the remainder when 1510 is divided by 190?
180
What is the remainder when 1275 is divided by 25?
0
Calculate the remainder when 240 is divided by 97.
46
What is the remainder when 626 is divided by 63?
59
Calculate the remainder when 2340 is divided by 35.
30
What is the remainder when 3789 is divided by 48?
45
What is the remainder when 142 is divided by 40?
22
Calculate the remainder when 20892 is divided by 15.
12
What is the remainder when 171 is divided by 161?
10
Calculate the remainder when 1462 is divided by 98.
90
What is the remainder when 54 is divided by 53?
1
Calculate the remainder when 594 is divided by 33.
0
What is the remainder when 53 is divided by 11?
9
Calculate the remainder when 130 is divided by 125.
5
What is the remainder when 1810 is divided by 128?
18
What is the remainder when 86 is divided by 46?
40
What is the remainder when 50 is divided by 28?
22
Calculate the remainder when 360 is divided by 26.
22
What is the remainder when 628 is divided by 55?
23
Calculate the remainder when 1497 is divided by 372.
9
Calculate the remainder when 8386 is divided by 6.
4
Calculate the remainder when 183 is divided by 96.
87
What is the remainder when 485 is divided by 54?
53
What is the remainder when 9934 is divided by 276?
274
Calculate the remainder when 1089 is divided by 21.
18
Calculate the remainder when 81 is divided by 67.
14
What is the remainder when 82 is divided by 21?
19
Calculate the remainder when 597 is divided by 192.
21
Calculate the remainder when 6228 is divided by 178.
176
Calculate the remainder when 982 is divided by 489.
4
Calculate the remainder when 388 is divided by 23.
20
What is the remainder when 359 is divided by 45?
44
What is the remainder when 159 is divided by 27?
24
Calculate the remainder when 1477 is divided by 51.
49
What is the remainder when 515 is divided by 87?
80
Calculate the remainder when 4 is divided by 3.
1
Calculate the remainder when 28 is divided by 10.
8
Calculate the remainder when 2656 is divided by 40.
16
What is the remainder when 4165 is divided by 8?
5
Calculate the remainder when 554 is divided by 18.
14
What is the remainder when 323 is divided by 66?
59
What is the remainder when 426 is divided by 33?
30
Calculate the remainder when 1209 is divided by 206.
179
What is the remainder when 1076 is divided by 18?
14
What is the remainder when 3105 is divided by 1023?
36
What is the remainder when 400 is divided by 92?
32
What is the remainder when 830 is divided by 139?
135
Calculate the remainder when 17169 is divided by 18.
15
Calculate the remainder when 19863 is divided by 104.
103
What is the remainder when 50 is divided by 21?
8
What is the remainder when 1023 is divided by 27?
24
What is the remainder when 302 is divided by 19?
17
Calculate the remainder when 82975 is divided by 7.
4
Calculate the remainder when 669 is divided by 42.
39
Calculate the remainder when 541 is divided by 185.
171
What is the remainder when 167 is divided by 75?
17
Calculate the remainder when 99 is divided by 12.
3
What is the remainder when 847 is divided by 10?
7
Calculate the remainder when 90 is divided by 31.
28
What is the remainder when 137 is divided by 40?
17
Calculate the remainder when 97 is divided by 15.
7
What is the remainder when 604 is divided by 46?
6
What is the remainder when 252 is divided by 86?
80
Calculate the remainder when 2651 is divided by 140.
131
What is the remainder when 593 is divided by 17?
15
Calculate the remainder when 1301 is divided by 77.
69
Calculate the remainder when 132 is divided by 114.
18
What is the remainder when 2880 is divided by 40?
0
Calculate the remainder when 94 is divided by 44.
6
What is the remainder when 1553 is divided by 70?
13
Calculate the remainder when 192 is divided by 49.
45
What is the remainder when 81 is divided by 3?
0
Calculate the remainder when 688 is divided by 685.
3
What is the remainder when 84 is divided by 17?
16
Calculate the remainder when 432 is divided by 23.
18
Calculate the remainder when 210 is divided by 93.
24
What is the remainder when 753 is divided by 123?
15
What is the remainder when 101 is divided by 4?
1
Calculate the remainder when 384 is divided by 79.
68
What is the remainder when 253 is divided by 125?
3
Calculate the remainder when 1722 is divided by 115.
112
What is the remainder when 301 is divided by 9?
4
What is the remainder when 183 is divided by 35?
8
What is the remainder when 57 is divided by 28?
1
What is the remainder when 563 is divided by 61?
14
Calculate the remainder when 104 is divided by 91.
13
Calculate the remainder when 3938 is divided by 73.
69
Calculate the remainder when 3137 is divided by 63.
50
Calculate the remainder when 162 is divided by 22.
8
What is the remainder when 18941 is divided by 123?
122
Calculate the remainder when 3742 is divided by 52.
50
Calculate the remainder when 517 is divided by 10.
7
Calculate the remainder when 201 is divided by 17.
14
Calculate the remainder when 109 is divided by 57.
52
What is the remainder when 386 is divided by 43?
42
What is the remainder when 697 is divided by 39?
34
What is the remainder when 11281 is divided by 38?
33
Calculate the remainder when 2425 is divided by 19.
12
Calculate the remainder when 1115 is divided by 222.
5
What is the remainder when 831 is divided by 11?
6
Calculate the remainder when 1604 is divided by 35.
29
What is the remainder when 507 is divided by 41?
15
Calculate the remainder when 336 is divided by 335.
1
What is the remainder when 697 is divided by 129?
52
Wha